-1) + 42 + -34 - -18 - 34.
-24
What is (-22 - (3 - -56)) + -11 - -26?
-66
Calculate -94 - -57 - -30 - 28.
-35
What is -64 - (16 + -52) - -67 - 11?
28
-3 + 1 + (11 - (1 + 1)) + (597 - 588)
16
What is the value of 11 - (14 - 8 - (5 + 11 - 63))?
-42
What is the value of 2 - 11 - 1 - (0 + -2 + 10)?
-18
(-173 - -26) + (0 - 6) + (10 - 0)
-143
What is (-63 - -45) + -27 - (-25 - -2)?
-22
(-8 - -7 - -10) + -37 + 0 + (22 - 28)
-34
Calculate -8 - 1 - (-47 - ((-22 - 24) + 22)).
14
Calculate 80 - (3 - (-37 + -4)).
36
What is (-654 - -648) + (15 - 85)?
-76
Calculate (-2 - (-14 - -1)) + (-28 - -54) + 6 + -81.
-38
What is 114 - (-51 + (130 - -41))?
-6
Calculate -64 + 79 + -72 + -10 + 2 + -9.
-74
What is the value of 19 - 41 - -46 - -4 - 13?
15
What is the value of (-34 - -119) + (-5 - 73)?
7
Calculate (31 - 32 - -32 - 92) + 11.
-50
What is (58 - 40 - 44) + 55?
29
What is (1 - 1) + (-49 + 21 - 13) + 36?
-5
Calculate 10 + (-38 - -9) + 10 + (31 - (-4 - -20)).
6
What is -13 - (-3 + (0 - 16) - (13 + -10))?
9
What is 10 + (-94 - (-4 - 3 - -10) - (-1 - -9))?
-95
29 - (-41 + 79) - (12 - 16 - (1 - 38))
-42
What is -12 + -125 + 135 + -28 + -1?
-31
What is 69 - 157 - (-111 + 80)?
-57
-2 - (-10 - -7) - -89 - (56 - 43)
77
What is (22 - 0) + (113 - (41 + 86))?
8
Calculate -109 + 66 - (-19 - 9).
-15
-81 - (-7 + 2 - 6) - (-13 + 5)
-62
What is (35 - -4) + -15 - 35 - 76?
-87
What is -17 + -7 + (-6 - 0) + 16?
-14
Calculate 13315 + -13325 - (2 + -3 - -117).
-126
What is -28 - (2 + -12 - -1 - (-5 + -6 + 3))?
-27
10 - 1 - ((3 + 38 - 69) + -40)
77
8 - (-10 + 0) - -53 - 5
66
Calculate (-288 - 62 - -398) + (0 - (-1 + 3)) + -13.
33
7 - 8 - ((18 - 16 - -2) + -12)
7
Evaluate -4 + 7 + -7 + (19 - 0) - (-6 + 84).
-63
Calculate 8 + (118 + -39 - (-1 + -7 + 4)) + 2.
93
Evaluate -90 - (-159 + 121 + -6).
-46
What is the value of (8 - (-6 - -76)) + (-118 - -146)?
-34
54 - (-24 + -6 + 17 + 20)
47
60 - (-16 + 162 + -66)
-20
What is the value of (8 - (5 + 5 - 7)) + (4 - -12 - -3)?
24
What is the value of -2 - -3 - (0 + (-11 - -5)) - (31 + -8)?
-16
What is the value of (2 - 2) + 94 + 20 + -2 + -40?
72
What is 23 + (-29 - 33) + 36?
-3
Calculate -10 + -35 + (-5 - 0 - (-209 - -190)).
-31
What is 8 - ((2 - -5) + (-53 - -7) + 16)?
31
-48 + (-1 - (1 + 0)) + (-10 + 15 - -2)
-43
What is 39 - 9 - ((36 - (10 - -1)) + -15)?
20
What is the value of (-4 - (-18 - 1) - (17 - 18 - -11)) + 16?
21
(-3 - -8) + 7 + (94 - (6 - -6)) + -10
84
What is the value of 198 + 24 + -102 + -109?
11
Calculate 60 - (3 - -15) - (-1 - -11 - -4).
28
-3 + 1 + 13 + (35 - 80 - -76)
42
What is the value of 11 - 116 - ((0 - -5) + 4 - 30)?
-84
Evaluate -4 - (4 + -6 - 7) - (-34 + 26 - -53).
-40
12 + -18 + -2 - (23 - -3)
-34
-21 - (15 - (50 - (17 - 7)))
4
228 + -234 - (32 - 5)
-33
Calculate 338 + -376 + 3 + 144 + -2.
107
Evaluate -33 - (42 - 110 - -58).
-23
-18 - (-114 + (27 - (-15 - -21)))
75
Calculate -76 - (-67 - (52 - 155)).
-112
Evaluate -66 - (-125 + 41 - -68).
-50
(-3 - -5) + -28 + 4 - (58 - 71) - -50
41
What is -134 + 33 - (-8 + 18 - (-19 + 11))?
-119
Evaluate 39 + (2 - 97 - -19).
-37
(2 - -12) + (-21 - (40 - 53))
6
(-34 - (-24 - 42)) + 63
95
What is (48 - (-8 + 3)) + (12 - ((27 - 11) + 6))?
43
Calculate -12 + -3 - (-8 - (15 + -11)).
-3
What is (-11 + -4 - (0 + -33 + 17)) + -116?
-115
Evaluate 51 + (-25 - -102 - 51).
77
What is (0 - (3 + 3)) + (-26 + (18 - 8) - -3)?
-19
Evaluate -42 - (-47 + 59 + (4 - (-2 - (-30 - 2)))).
-28
Evaluate (-1 - (-2 - 2)) + 64 + (11 - (18 - 52)).
112
Evaluate 24 + (13 + -20 + 2 - -3 - 4).
18
-28 + (50 + -11 - 66)
-55
Evaluate 24 + (3 - -2) + -15 + 2.
16
Calculate 7 + 3 + -2 + 53 + -38.
23
What is the value of (-3 + (-24 - -5) + 15 - 8) + -15?
-30
Evaluate -36 - (-52 - -56 - ((-1 - 2) + 9)).
-34
Calculate -7 + 28 - (196 - (8 - -63)).
-104
What is (1 - (0 + 5) - 30) + -13 + 36 + -18?
-29
Evaluate 7 + 0 + (19 - 32) - (-19 - (-4 + 19)).
28
What is -1 - -3 - 19 - (10206 + -10328)?
105
Calculate -24 - -13 - (55 - (-17 + 44)).
-39
What is the value of -20 - (-40 + 21 + 27)?
-28
Calculate 55 + (4 + 9 - (32 + -2 + -15)) + 17.
70
Evaluate (33 - 27 - -11) + (0 - 6) - 5.
6
What is the value of (-1 + -11 + 1 - (-17 + 3)) + -36 + -76?
-109
What is the value of 26 - ((3 - 4) + 6 + (-220 - -221))?
20
Evaluate 2 + 1 - (-34 + 14 + (5 + -12 - -61)).
-31
Calculate 7 + (-1 - (69 - (-3 + 16))).
-50
Calculate (-16 - 1 - 8) + 14 + 9.
-2
Calculate -4 - (6 + (9 - 22)) - (-18 - 2).
23
(-15 + 29 + -22 - -10) + (4 - 2) - 4
0
What is the value of 4 + 2 + (-125 + 43 - -76)?
0
Evaluate -23 + (5 + 8 - (-28 - (36 - 56))).
-2
Evaluate 4 + -1 + 2 + -19.
-14
-36 + (33 - (-11 - -1 - -20) - 11)
-24
Evaluate (-10 - -1) + 17 - (-22 + (14 - (-7 - -12))).
21
Calculate (380 - 256 - 108) + (13 - -1).
30
What is the value of (1 - 10 - (238 - 226)) + 14 + -98?
-105
Evaluate 1 - (-8 - -49) - 10 - -19.
-31
(-3 + 24 + -21 - 1) + 27
26
-1 + 116 - (-158 - (153 + -303))
123
4 - ((-1 - 3 - (14 + -5)) + (-308 - -302))
23
Calculate -8 + (2 - -4) + (15 - 12 - 80).
-79
Evaluate 20 + (-15 - -8 - 18) - 51.
-56
Calculate -19 + (9 - -10) + (2 - -34 - (3 + 3)).
30
What is the value of -14 + (-1 + 15 + (9 + -8 - 8) - 14)?
-21
19 + -1 - (73 + 44 - 131)
32
What is the value of -23 + 25 + 52 + -27?
27
(40 - 29 - -40) + -36
15
-59 - (5 - -28 - 51)
-41
7 + -23 + (-6 + -7 + -41 - -9)
-61
70 - (106 + -61) - (1 + 5)
19
What is the value of (79 - (23 + 61)) + 1 + 93?
89
Evaluate 40 - (82 - 0) - -105.
63
What is (-23 - (-92 + (-48 - -28))) + -22?
67
(-15 - (44 + 15)) + (14 - -14)
-46
What is the value of 10 - (24 + -12 + -27 + 1)?
24
What is the value of (0 - 1) + (-121 - -39 - 2) - -7?
-78
Calculate 2 + -24 + (90 - -18 - 84).
2
Calculate 21 + (9 + -44 + 21 - (1 - 13)).
19
Calculate 19 - 3 - 8 - ((-8 - -10) + 55 - 3).
-46
Evaluate (-49 + 54 - -8) + (-1 - 17) - -18.
13
(-37 - -106) + 7 + (-12 - -3) - 8
59
What is 1 + (-13 - -29) + 413 + -547?
-117
Evaluate -4 + 7 + -84 + (-7 - -3) + -2 + -9.
-96
13 + -88 + 103 + -13 + -1
14
Evaluate -1 + 4 + (-11 - (-27 + 4)) - -9.
24
Calculate 1 + 8 - (-734 - -759).
-16
Calculate 2 + 60 - (23 + 51 + -62).
50
Calculate 87 + (-7 - (36 + -17 - -4)).
57
What is the value of -19 + 93 + 15 + (-8 - (-4 + 5) - 7)?
73
What is 1 + -30 - (1119 - 1147)?
-1
What is the value of (-9 - -17) + 83 - (36 - 56)?
111
What is the value of -19 - (59 - (17 - (-4 - 3 - -10)))?
-64
What is the value of 136479 - 136450 - ((13 - (-1 + 1)) + -1)?
17
Evaluate 5 - -4 - (-15 - (-22 + (-53 - -8))).
-43
-49 + (86 - 92) - -136
81
Evaluate (-33 + 43 - (28 - -5)) + 100.
77
Evaluate -5 - (-48 + 36 + (4 - -14) - 14).
3
What is the value of -51 - (-31 - (-19 + 5))?
-34
What is (17 - 12) + -17 + (-4 - -9) - -6?
-1
Calculate -7 + 11 - (1343 - 1340).
1
Evaluate -1 - (-73 - (-93 + 53)).
32
Calculate (63 - (33 - -2)) + (-2 - (0 + 0)).
26
Calculate 1 + 8 + (33 + 4 - 30 - (-2 - -12)).
6
Calculate 101 - (22 + (5 - 20) + -25 - 0).
119
Calculate 132 + -83 - (135 - 50).
-36
Calculate -54 + (-9 - ((-7 - 12) + 10)) + 5.
-49
What is 26 + -12 + -3 + 18 + (-19 - -10)?
20
What is -17 - ((-10 - (-9 - (-4 + -2))) + -5)?
-5
What is the value of 79 - (-8 + 9) - 160?
-82
What is 51 - (-13 + 20 + -16 + 10)?
50
Evaluate (-59 - 0) + 1291 + -1306.
-74
Calculate -5 + -68 + (60 - 24 - 9).
-46
Evaluate (-6382 - -6490) + -28 + -2.
78
What is the value of (-2 - -44) + (14 - (-20 + 27))?
49
What is the value of (494 - 501) + -1 + 7?
-1
3120 + -3097 + -2 + 2 + 45
68
(-16893 - -16848) + (1 + 126 - -1)
83
-39 + 46 - ((-17 - 0) + 10)
14
Calculate -6 - (35 + 10 + (23 - 51)).
-23
(42 - 20) + -70 - -32
-16
What is the value of 81 + -63 - (-5 - (-3 + 2 - -24))?
46
Evaluate -25 + (-125 - (-23 - 62)).
-65
-1 + -6 + (262 - 247) - (0 - -10)
-2
Evaluate (4 - 10) + -1 + (67 - 73) + 14 - 16.
-15
What is 61 - (34 + 19) - (59 + -1)?
-50
What is the value of (1 + (2 - -1) - 1 - -3) + -296 + 259?
-31
Evaluate -14 + (25 - 44) + -83 + 35.
-81
121 - (129 + (-85 - 24))
101
Calculate (-75 - -96) + (-16 - (-1 + -2)).
8
Evaluate -81 + -68 - -239 - (-2 - -27).
65
What is the value of (2 - 3) + (-34 - (26 + -15 - -12))?
-58
What is 13 + 7 + 143 - (-15 + 37)?
141
Calculate -78 - ((-1040 - -1045) + (-1 - 12)).
-70
What is (1 - 12) + 0 - (-13 + (8 - (-22 + -2)))?
-30
What is the value of (7 - 13) + (5 - (-22 + -13))?
34
What is (-79 - 7) + -8